{"id":989,"date":"2019-11-24T17:13:53","date_gmt":"2019-11-24T16:13:53","guid":{"rendered":"http:\/\/www.gh-racing.de\/?page_id=989"},"modified":"2021-11-01T12:16:41","modified_gmt":"2021-11-01T11:16:41","slug":"__trashed-2","status":"publish","type":"page","link":"http:\/\/www.gh-racing.de\/?page_id=989","title":{"rendered":"Mitglieder"},"content":{"rendered":"<p><span style=\"font-size: 18pt; text-decoration: underline;\"><strong>Mitglieder im Gerd Habermann Racing Team<\/strong><\/span><\/p>\n<table style=\"width: 680px; height: 180px;\">\n<tbody>\n<tr>\n<td style=\"width: 222.98px;\"><img loading=\"lazy\" class=\"alignnone size-medium wp-image-492\" src=\"http:\/\/www.gh-racing.de\/wp-content\/uploads\/2016\/02\/GH-Driver_Ro-230x300.jpg\" alt=\"\" width=\"230\" height=\"300\" srcset=\"http:\/\/www.gh-racing.de\/wp-content\/uploads\/2016\/02\/GH-Driver_Ro-230x300.jpg 230w, http:\/\/www.gh-racing.de\/wp-content\/uploads\/2016\/02\/GH-Driver_Ro.jpg 750w\" sizes=\"(max-width: 230px) 100vw, 230px\" \/><\/td>\n<td style=\"width: 223.18px;\"><strong>Name<\/strong><br \/>\n<strong>Geburtsdatum<\/strong><br \/>\n<strong>Gr\u00f6\u00dfe<\/strong><br \/>\n<strong>Nationalit\u00e4t<\/strong><br \/>\n<strong>Funktion im Team<\/strong><br \/>\n<strong>Beruf<\/strong><br \/>\n<strong>Hobby<\/strong><\/td>\n<td style=\"width: 211.84px;\">Gerd Habermann<br \/>\n31.10.1961<br \/>\n191 m<br \/>\nDeutsch<br \/>\nTeamchef \/ Fahrer<br \/>\nDragsterfahrer<br \/>\nDragster<\/td>\n<\/tr>\n<\/tbody>\n<\/table>\n<table style=\"width: 675px; height: 20px;\">\n<tbody>\n<tr>\n<td style=\"width: 665px;\"><span style=\"display: inline !important; float: none; background-color: #ffffff; color: #333333; cursor: text; font-family: Georgia,'Times New Roman','Bitstream Charter',Times,serif; font-size: 16px; font-style: normal; font-variant: normal; font-weight: 400; letter-spacing: normal; line-height: inherit; orphans: 2; text-align: left; text-decoration: none; text-indent: 0px; text-transform: none; -webkit-text-stroke-width: 0px; white-space: normal; word-spacing: 0px;\">&lt;3<\/span><\/td>\n<\/tr>\n<\/tbody>\n<\/table>\n<table style=\"width: 679.05px; height: 75px;\">\n<tbody>\n<tr style=\"height: 203px;\">\n<td style=\"width: 222px; height: 203px;\">\u00a0<img loading=\"lazy\" class=\"alignnone size-medium wp-image-1515\" src=\"http:\/\/www.gh-racing.de\/wp-content\/uploads\/2019\/11\/Bailey-300x289.jpg\" alt=\"\" width=\"300\" height=\"289\" srcset=\"http:\/\/www.gh-racing.de\/wp-content\/uploads\/2019\/11\/Bailey-300x289.jpg 300w, http:\/\/www.gh-racing.de\/wp-content\/uploads\/2019\/11\/Bailey-768x741.jpg 768w, http:\/\/www.gh-racing.de\/wp-content\/uploads\/2019\/11\/Bailey.jpg 983w\" sizes=\"(max-width: 300px) 100vw, 300px\" \/><\/td>\n<td style=\"width: 224px; height: 203px;\"><strong>Name<br \/>\n<\/strong><strong>Geburtsdatum<br \/>\n<\/strong><strong>Gr\u00f6\u00dfe<br \/>\n<\/strong><strong>Nationalit\u00e4t<br \/>\n<\/strong><strong>Funktion im Team<br \/>\n<\/strong><strong>Beruf<br \/>\n<\/strong><strong>Hobby<\/strong><\/td>\n<td style=\"width: 205.05px; height: 203px;\">Bailey Habermann<br \/>\n01.05.2020 Weiblich<br \/>\n35 cm<br \/>\nD<br \/>\nMechanikerin f\u00fcrs Herz<br \/>\nTeammaskottchen<br \/>\nDragracing<\/td>\n<\/tr>\n<tr style=\"height: 24px;\">\n<td style=\"width: 222px; height: 24px;\"><span style=\"font-size: 10pt;\">_\u00a0 &lt;3\u00a0<\/span><\/td>\n<td style=\"width: 224px; height: 24px;\"><\/td>\n<td style=\"width: 205.05px; height: 24px;\"><\/td>\n<\/tr>\n<\/tbody>\n<\/table>\n<table style=\"width: 681.71px; height: 34px;\">\n<tbody>\n<tr>\n<td style=\"width: 219px;\">\u00a0<img loading=\"lazy\" class=\"alignnone size-medium wp-image-1426\" src=\"http:\/\/www.gh-racing.de\/wp-content\/uploads\/2020\/05\/GHRT_P__CF_0290-214x300.jpg\" alt=\"\" width=\"214\" height=\"300\" srcset=\"http:\/\/www.gh-racing.de\/wp-content\/uploads\/2020\/05\/GHRT_P__CF_0290-214x300.jpg 214w, http:\/\/www.gh-racing.de\/wp-content\/uploads\/2020\/05\/GHRT_P__CF_0290-768x1079.jpg 768w, http:\/\/www.gh-racing.de\/wp-content\/uploads\/2020\/05\/GHRT_P__CF_0290-729x1024.jpg 729w, http:\/\/www.gh-racing.de\/wp-content\/uploads\/2020\/05\/GHRT_P__CF_0290.jpg 1367w\" sizes=\"(max-width: 214px) 100vw, 214px\" \/><\/td>\n<td style=\"width: 223px;\"><strong>Name<br \/>\n<\/strong><strong>Geburtsdatum<br \/>\n<\/strong><strong>Gr\u00f6\u00dfe<br \/>\n<\/strong><strong>Nationalit\u00e4t<br \/>\n<\/strong><strong>Funktion im Team<br \/>\n<\/strong><strong>Beruf<br \/>\n<\/strong><strong>Hobby<\/strong><\/td>\n<td style=\"width: 207.71px;\">Chantal Wagner<br \/>\n24.05.2006<br \/>\n1,65<br \/>\nDeutsch<br \/>\nRennfahrerin<br \/>\nSch\u00fclerin<br \/>\nMotorsport, Tiere<\/td>\n<\/tr>\n<\/tbody>\n<\/table>\n<table style=\"width: 674px; height: 29px;\">\n<tbody>\n<tr>\n<td style=\"width: 664px;\"><\/td>\n<\/tr>\n<\/tbody>\n<\/table>\n<table style=\"width: 682.09px; height: 31px;\">\n<tbody>\n<tr>\n<td style=\"width: 220px;\"><img loading=\"lazy\" class=\"alignnone size-medium wp-image-981\" src=\"http:\/\/www.gh-racing.de\/wp-content\/uploads\/2016\/02\/Team-Wagner__CF_0471-300x185.jpg\" alt=\"\" width=\"300\" height=\"185\" srcset=\"http:\/\/www.gh-racing.de\/wp-content\/uploads\/2016\/02\/Team-Wagner__CF_0471-300x185.jpg 300w, http:\/\/www.gh-racing.de\/wp-content\/uploads\/2016\/02\/Team-Wagner__CF_0471-768x473.jpg 768w, http:\/\/www.gh-racing.de\/wp-content\/uploads\/2016\/02\/Team-Wagner__CF_0471-1024x631.jpg 1024w, http:\/\/www.gh-racing.de\/wp-content\/uploads\/2016\/02\/Team-Wagner__CF_0471.jpg 1280w\" sizes=\"(max-width: 300px) 100vw, 300px\" \/><\/td>\n<td style=\"width: 225px;\"><strong>Name<br \/>\n<\/strong><strong>Geburtsdatum<br \/>\n<\/strong><strong>Gr\u00f6\u00dfe<br \/>\n<\/strong><strong>Nationalit\u00e4t<br \/>\n<\/strong><strong>Funktion im Team<br \/>\n<\/strong><strong>Beruf<br \/>\n<\/strong><strong>Hobby<\/strong><\/td>\n<td style=\"width: 209.09px;\">Sandra Wagner<br \/>\n02.12.1980<br \/>\n1,51<br \/>\nDeutsch<br \/>\nCatering<br \/>\n.<br \/>\nMotorsport, Tiere<\/td>\n<\/tr>\n<\/tbody>\n<\/table>\n<table style=\"width: 675px; height: 35px;\">\n<tbody>\n<tr>\n<td style=\"width: 665px;\"><\/td>\n<\/tr>\n<\/tbody>\n<\/table>\n<table style=\"width: 680px; height: 192px;\">\n<tbody>\n<tr style=\"height: 31px;\">\n<td style=\"width: 222.79px; height: 31px;\"><img loading=\"lazy\" class=\"alignnone size-medium wp-image-979\" src=\"http:\/\/www.gh-racing.de\/wp-content\/uploads\/2016\/02\/Team-Wagner__CF_0462-300x181.jpg\" alt=\"\" width=\"300\" height=\"181\" srcset=\"http:\/\/www.gh-racing.de\/wp-content\/uploads\/2016\/02\/Team-Wagner__CF_0462-300x181.jpg 300w, http:\/\/www.gh-racing.de\/wp-content\/uploads\/2016\/02\/Team-Wagner__CF_0462-768x463.jpg 768w, http:\/\/www.gh-racing.de\/wp-content\/uploads\/2016\/02\/Team-Wagner__CF_0462-1024x618.jpg 1024w, http:\/\/www.gh-racing.de\/wp-content\/uploads\/2016\/02\/Team-Wagner__CF_0462.jpg 1280w\" sizes=\"(max-width: 300px) 100vw, 300px\" \/><\/td>\n<td style=\"width: 225.81px; height: 31px;\"><strong>Name<br \/>\n<\/strong><strong>Geburtsdatum<br \/>\n<\/strong><strong>Gr\u00f6\u00dfe<br \/>\n<\/strong><strong>Nationalit\u00e4t<br \/>\n<\/strong><strong>Funktion im Team<br \/>\n<\/strong><strong>Beruf<br \/>\n<\/strong><strong>Hobby<\/strong><\/td>\n<td style=\"width: 209.4px; height: 31px;\">Stefan Wagner<br \/>\n24.10.1971<br \/>\n1,89<br \/>\nDeutsch<br \/>\nTechnik<br \/>\n.<br \/>\nMotorsport<\/td>\n<\/tr>\n<\/tbody>\n<\/table>\n<table style=\"width: 672px; height: 34px;\">\n<tbody>\n<tr>\n<td style=\"width: 662px;\"><\/td>\n<\/tr>\n<\/tbody>\n<\/table>\n<table style=\"width: 679.01px; height: 24px;\">\n<tbody>\n<tr>\n<td style=\"width: 221px;\"><img loading=\"lazy\" class=\"alignnone size-medium wp-image-980\" src=\"http:\/\/www.gh-racing.de\/wp-content\/uploads\/2016\/02\/Team-Wagner__CF_0463-300x183.jpg\" alt=\"\" width=\"300\" height=\"183\" srcset=\"http:\/\/www.gh-racing.de\/wp-content\/uploads\/2016\/02\/Team-Wagner__CF_0463-300x183.jpg 300w, http:\/\/www.gh-racing.de\/wp-content\/uploads\/2016\/02\/Team-Wagner__CF_0463-768x469.jpg 768w, http:\/\/www.gh-racing.de\/wp-content\/uploads\/2016\/02\/Team-Wagner__CF_0463-1024x626.jpg 1024w, http:\/\/www.gh-racing.de\/wp-content\/uploads\/2016\/02\/Team-Wagner__CF_0463.jpg 1280w\" sizes=\"(max-width: 300px) 100vw, 300px\" \/><\/td>\n<td style=\"width: 222px;\"><strong>Name<br \/>\n<\/strong><strong>Geburtsdatum<br \/>\n<\/strong><strong>Gr\u00f6\u00dfe<br \/>\n<\/strong><strong>Nationalit\u00e4t<br \/>\n<\/strong><strong>Funktion im Team<br \/>\n<\/strong><strong>Beruf<br \/>\n<\/strong><strong>Hobby<\/strong><\/td>\n<td style=\"width: 208.01px;\">Klaus Mayer<br \/>\n.<br \/>\n1,65<br \/>\nDeutsch<br \/>\nAllroundler<br \/>\n.<br \/>\nFamilie und Motorsport<\/td>\n<\/tr>\n<\/tbody>\n<\/table>\n<table style=\"height: 32px;\" width=\"668\">\n<tbody>\n<tr>\n<td style=\"width: 658px;\"><\/td>\n<\/tr>\n<\/tbody>\n<\/table>\n<table style=\"width: 678.96px; height: 35px;\">\n<tbody>\n<tr>\n<td style=\"width: 220px;\">\u00a0<img loading=\"lazy\" class=\"alignnone size-medium wp-image-982\" src=\"http:\/\/www.gh-racing.de\/wp-content\/uploads\/2016\/02\/Team-Wagner__CF_0490-300x183.jpg\" alt=\"\" width=\"300\" height=\"183\" srcset=\"http:\/\/www.gh-racing.de\/wp-content\/uploads\/2016\/02\/Team-Wagner__CF_0490-300x183.jpg 300w, http:\/\/www.gh-racing.de\/wp-content\/uploads\/2016\/02\/Team-Wagner__CF_0490-768x469.jpg 768w, http:\/\/www.gh-racing.de\/wp-content\/uploads\/2016\/02\/Team-Wagner__CF_0490-1024x625.jpg 1024w, http:\/\/www.gh-racing.de\/wp-content\/uploads\/2016\/02\/Team-Wagner__CF_0490.jpg 1280w\" sizes=\"(max-width: 300px) 100vw, 300px\" \/><\/td>\n<td style=\"width: 219px;\"><strong>Name<br \/>\n<\/strong><strong>Geburtsdatum<br \/>\n<\/strong><strong>Gr\u00f6\u00dfe<br \/>\n<\/strong><strong>Nationalit\u00e4t<br \/>\n<\/strong><strong>Funktion im Team<br \/>\n<\/strong><strong>Beruf<br \/>\n<\/strong><strong>Hobby<\/strong><\/td>\n<td style=\"width: 211.96px;\">Elke Mayer<br \/>\n.<br \/>\n1,60<br \/>\nDeutsch<br \/>\nAllroundler<br \/>\nFamilie<br \/>\n.<\/td>\n<\/tr>\n<\/tbody>\n<\/table>\n<p>&nbsp;<\/p>\n<table style=\"width: 678px; height: 82px;\">\n<tbody>\n<tr>\n<td style=\"width: 668px;\">Sven ist seit 2007 neu im Team! Er Pilotiert das Mustang Dragster Taxi!<br \/>\nIn der Saison 2008 fuhr Sven unseren 3er BMW-Dragster in der Klasse Street-Eliminator und er fuhr gleich im ersten Jahr auf Platz 3. obwohl er an einem Rennen nicht teilgenommen hat.<\/td>\n<\/tr>\n<\/tbody>\n<\/table>\n<table style=\"width: 678px; height: 24px;\">\n<tbody>\n<tr>\n<td style=\"width: 220px;\"><img loading=\"lazy\" class=\"wp-image-80 alignnone\" src=\"http:\/\/www.gh-racing.de\/wp-content\/uploads\/2016\/02\/11882978001.jpg\" alt=\"\" width=\"194\" height=\"245\" \/><\/td>\n<td style=\"width: 221px;\"><strong>Name<br \/>\n<\/strong><strong>Geburtsdatum<br \/>\n<\/strong><strong>Gr\u00f6\u00dfe<br \/>\n<\/strong><strong>Nationalit\u00e4t<br \/>\n<\/strong><strong>Funktion im Team<br \/>\n<\/strong><strong>Beruf<br \/>\n<\/strong><strong>Hobby<\/strong><\/td>\n<td style=\"width: 215px;\">Sven Damss<br \/>\n11.08.1970<br \/>\n176 cm<br \/>\nDeutsch<br \/>\nMechaniker<br \/>\nTennislehrer<br \/>\nAutos und Frauen<\/td>\n<\/tr>\n<\/tbody>\n<\/table>\n<table style=\"width: 678.01px; height: 41px;\">\n<tbody>\n<tr>\n<td style=\"width: 220px;\"><img loading=\"lazy\" class=\"wp-image-79 alignnone\" src=\"http:\/\/www.gh-racing.de\/wp-content\/uploads\/2016\/02\/11925726381.jpg\" alt=\"\" width=\"195\" height=\"254\" \/><\/td>\n<td style=\"width: 219px;\"><strong>Name<br \/>\n<\/strong><strong>Geburtsdatum<br \/>\n<\/strong><strong>Gr\u00f6\u00dfe<br \/>\n<\/strong><strong>Nationalit\u00e4t<br \/>\n<\/strong><strong>Funktion im Team<br \/>\n<\/strong><strong>Beruf<br \/>\n<\/strong><strong>Hobby<\/strong><\/td>\n<td style=\"width: 214.01px;\">Pete Teurlings<br \/>\n21.04.1962<br \/>\n178 cm<br \/>\nUSA Californien<br \/>\nAuslandskorrespondent<br \/>\nRentner<br \/>\nDragracing<\/td>\n<\/tr>\n<\/tbody>\n<\/table>\n<table style=\"width: 679px; height: 36px;\">\n<tbody>\n<tr>\n<td style=\"width: 669px;\">Pete lebt zur Zeit wieder in seinem Heimatland Fresno CA. Er geh\u00f6rt immer noch zum GHT-Team<br \/>\nund versorgt uns uber den Teich mit News.<\/td>\n<\/tr>\n<\/tbody>\n<\/table>\n<table style=\"width: 677px; height: 38px;\">\n<tbody>\n<tr>\n<td style=\"width: 221px;\"><img loading=\"lazy\" class=\"wp-image-74 alignnone\" src=\"http:\/\/www.gh-racing.de\/wp-content\/uploads\/2016\/02\/11858317521.jpg\" alt=\"\" width=\"195\" height=\"145\" srcset=\"http:\/\/www.gh-racing.de\/wp-content\/uploads\/2016\/02\/11858317521.jpg 98w, http:\/\/www.gh-racing.de\/wp-content\/uploads\/2016\/02\/11858317521-80x60.jpg 80w\" sizes=\"(max-width: 195px) 100vw, 195px\" \/><\/td>\n<td style=\"width: 215px;\"><strong>Name<br \/>\n<\/strong><strong>Geburtsdatum<br \/>\n<\/strong><strong>Gr\u00f6\u00dfe<br \/>\n<\/strong><strong>Nationalit\u00e4t<br \/>\n<\/strong><strong>Funktion im Team<br \/>\n<\/strong><strong>Beruf<br \/>\n<\/strong><strong>Hobby<\/strong><\/td>\n<td style=\"width: 219px;\">K\u00f6szi Habermann<br \/>\n07.07.2007<br \/>\n40 cm<br \/>\nHungary<br \/>\nTeammaskottchen<br \/>\nTeammaskottchen<br \/>\nSpielen<\/td>\n<\/tr>\n<\/tbody>\n<\/table>\n<table style=\"height: 27px;\" width=\"675\">\n<tbody>\n<tr>\n<td style=\"width: 665.6px;\">K\u00f6szi haben wir am 07.07.2007 in Kunmadaras (Ungarn) auf dem Rennplatz Herrchenlos aufgefunden! Wir haben sie aufgepeppelt, gef\u00fcttert geduscht und mit nach Deutschland genommen!Nun ist sie voll in der Familie sowie auch im Team aufgenommen und nun nicht mehr wegdenkbar!<\/td>\n<\/tr>\n<\/tbody>\n<\/table>\n<table style=\"height: 37px;\" width=\"676\">\n<tbody>\n<tr>\n<td style=\"width: 218.4px;\"><img loading=\"lazy\" class=\"alignnone wp-image-66\" src=\"http:\/\/www.gh-racing.de\/wp-content\/uploads\/2016\/02\/11432249091.jpg\" alt=\"\" width=\"195\" height=\"145\" srcset=\"http:\/\/www.gh-racing.de\/wp-content\/uploads\/2016\/02\/11432249091.jpg 98w, http:\/\/www.gh-racing.de\/wp-content\/uploads\/2016\/02\/11432249091-80x60.jpg 80w\" sizes=\"(max-width: 195px) 100vw, 195px\" \/><\/td>\n<td style=\"width: 218.4px;\"><strong>Name<br \/>\n<\/strong><strong>Geburtsdatum<br \/>\n<\/strong><strong>Gr\u00f6\u00dfe<br \/>\n<\/strong><strong>Nationalit\u00e4t<br \/>\n<\/strong><strong>Funktion im Team<br \/>\n<\/strong><strong>Beruf<br \/>\n<\/strong><strong>Hobby<\/strong><\/td>\n<td style=\"width: 219.2px;\">Jacky Habermann<br \/>\n27.12.1999<br \/>\n40 cm<br \/>\nDeutsch<br \/>\nTemmaskottchen<br \/>\nTeam-Hund<br \/>\nDragracing und V\u00f6gel<\/td>\n<\/tr>\n<\/tbody>\n<\/table>\n<table style=\"height: 25px;\" width=\"674\">\n<tbody>\n<tr>\n<td style=\"width: 664.8px;\">\n<table width=\"672\">\n<tbody>\n<tr>\n<td>Jacky ist immer und \u00fcberall dabei !<\/td>\n<\/tr>\n<\/tbody>\n<\/table>\n<\/td>\n<\/tr>\n<\/tbody>\n<\/table>\n","protected":false},"excerpt":{"rendered":"<div class=\"mh-excerpt\"><p>Mitglieder im Gerd Habermann Racing Team Name Geburtsdatum Gr\u00f6\u00dfe Nationalit\u00e4t Funktion im Team Beruf Hobby Gerd Habermann 31.10.1961 191 m Deutsch Teamchef \/ Fahrer Dragsterfahrer <a class=\"mh-excerpt-more\" href=\"http:\/\/www.gh-racing.de\/?page_id=989\" title=\"Mitglieder\">[&#8230;]<\/a><\/p>\n<\/div>","protected":false},"author":1,"featured_media":0,"parent":0,"menu_order":0,"comment_status":"closed","ping_status":"closed","template":"","meta":[],"_links":{"self":[{"href":"http:\/\/www.gh-racing.de\/index.php?rest_route=\/wp\/v2\/pages\/989"}],"collection":[{"href":"http:\/\/www.gh-racing.de\/index.php?rest_route=\/wp\/v2\/pages"}],"about":[{"href":"http:\/\/www.gh-racing.de\/index.php?rest_route=\/wp\/v2\/types\/page"}],"author":[{"embeddable":true,"href":"http:\/\/www.gh-racing.de\/index.php?rest_route=\/wp\/v2\/users\/1"}],"replies":[{"embeddable":true,"href":"http:\/\/www.gh-racing.de\/index.php?rest_route=%2Fwp%2Fv2%2Fcomments&post=989"}],"version-history":[{"count":111,"href":"http:\/\/www.gh-racing.de\/index.php?rest_route=\/wp\/v2\/pages\/989\/revisions"}],"predecessor-version":[{"id":1607,"href":"http:\/\/www.gh-racing.de\/index.php?rest_route=\/wp\/v2\/pages\/989\/revisions\/1607"}],"wp:attachment":[{"href":"http:\/\/www.gh-racing.de\/index.php?rest_route=%2Fwp%2Fv2%2Fmedia&parent=989"}],"curies":[{"name":"wp","href":"https:\/\/api.w.org\/{rel}","templated":true}]}}