{"id":82,"date":"2016-02-20T14:14:17","date_gmt":"2016-02-20T13:14:17","guid":{"rendered":"http:\/\/wordpress.gh-racing.de.w0128e6d.kasserver.com\/?page_id=82"},"modified":"2016-02-20T23:24:50","modified_gmt":"2016-02-20T22:24:50","slug":"impressum","status":"publish","type":"page","link":"http:\/\/www.gh-racing.de\/?page_id=82","title":{"rendered":"Impressum"},"content":{"rendered":"<h1>Gerd Habermann Racing<\/h1>\n<p>Turmstra\u00dfe 17<br \/>\n63526 Erlensee<\/p>\n<p>Tel.: +49 (0) 1712121821<br \/>\nFax: +49 (0) 6183\/ 71440<\/p>\n<p>Mail: <a href=\"mailto:gerd@jetdragster.de\">gerd@jetdragster.de<\/a><br \/>\nInternet: <a href=\"http:\/\/www.gh-racing.de\/\">www.gh-racing.de<\/a><\/p>\n<p>&nbsp;<\/p>\n<p style=\"text-align: justify;\"><b>Vervielf\u00e4ltigung<\/b><br \/>\nOhne schriftliche Genehmigung ist es nicht gestattet Inhalte, Bilder oder Dateien f\u00fcr den eigenen Bedarf zu verwenden.<\/p>\n<p style=\"text-align: justify;\"><b>Verlinkung<\/b><br \/>\nDas Landgericht Hamburg hat mit dem Urteil vom 12.05.1998 entschieden, da\u00df man durch die Ausbringung eines Links die Inhalte der gelinkten Seite ggf. mit zu verantworten hat.<br \/>\nDies kann &#8211; so das LG &#8211; nur dadurch verhindert werden, da\u00df man sich ausdr\u00fccklich von diesen Inhalten distanziert. Ich habe auf meiner Web-Site Links zu anderen Seiten im Internet gelegt.<\/p>\n<p style=\"text-align: justify;\"><b>F\u00fcr all diese Links gilt<\/b><br \/>\n&#8222;Ich m\u00f6chte ausdr\u00fccklich betonen, da\u00df ich keinerlei Einflu\u00df auf die Gestaltung und die Inhalte der gelinkten Seiten habe. Deshalb distanziere ich mich hiermit ausdr\u00fccklich von allen Inhalten aller gelinkten Seiten auf meiner dieser gesamten Website inkl. aller Unterseiten. Diese Erkl\u00e4rung gilt f\u00fcr alle auf meiner Homepage ausgebrachten Links und f\u00fcr alle Inhalte der Seiten, zu denen Links oder Banner f\u00fchren.&#8220;<\/p>\n<p style=\"text-align: justify;\"><b>Haftungsausschluss<\/b><br \/>\nDie Benutzung dieser Seite erfolgt auf eigene Gefahr. Wir \u00fcbernehmen keine Haftung f\u00fcr Sch\u00e4den die aufgrund der Anwendung der in diesem Angebot genannten Informationen entstehen. Wir \u00fcbernehmen keine Garantie das alle Dateien, die Sie auf www.gh-racing.de finden k\u00f6nnen, mit Ihrem PC kompatibel sind.<\/p>\n<p style=\"text-align: justify;\"><b>Copyright<\/b><br \/>\nMarkennamen werden frei ohne gesonderte Kennzeichnung verwendet. Diese Namen sind Eigentum der jeweiligen Besitzer.<\/p>\n","protected":false},"excerpt":{"rendered":"<div class=\"mh-excerpt\"><p>Gerd Habermann Racing Turmstra\u00dfe 17 63526 Erlensee Tel.: +49 (0) 1712121821 Fax: +49 (0) 6183\/ 71440 Mail: gerd@jetdragster.de Internet: www.gh-racing.de &nbsp; Vervielf\u00e4ltigung Ohne schriftliche Genehmigung <a class=\"mh-excerpt-more\" href=\"http:\/\/www.gh-racing.de\/?page_id=82\" title=\"Impressum\">[&#8230;]<\/a><\/p>\n<\/div>","protected":false},"author":1,"featured_media":0,"parent":0,"menu_order":0,"comment_status":"closed","ping_status":"closed","template":"","meta":[],"_links":{"self":[{"href":"http:\/\/www.gh-racing.de\/index.php?rest_route=\/wp\/v2\/pages\/82"}],"collection":[{"href":"http:\/\/www.gh-racing.de\/index.php?rest_route=\/wp\/v2\/pages"}],"about":[{"href":"http:\/\/www.gh-racing.de\/index.php?rest_route=\/wp\/v2\/types\/page"}],"author":[{"embeddable":true,"href":"http:\/\/www.gh-racing.de\/index.php?rest_route=\/wp\/v2\/users\/1"}],"replies":[{"embeddable":true,"href":"http:\/\/www.gh-racing.de\/index.php?rest_route=%2Fwp%2Fv2%2Fcomments&post=82"}],"version-history":[{"count":3,"href":"http:\/\/www.gh-racing.de\/index.php?rest_route=\/wp\/v2\/pages\/82\/revisions"}],"predecessor-version":[{"id":202,"href":"http:\/\/www.gh-racing.de\/index.php?rest_route=\/wp\/v2\/pages\/82\/revisions\/202"}],"wp:attachment":[{"href":"http:\/\/www.gh-racing.de\/index.php?rest_route=%2Fwp%2Fv2%2Fmedia&parent=82"}],"curies":[{"name":"wp","href":"https:\/\/api.w.org\/{rel}","templated":true}]}}